p) + 2*u(p). Determine f(7).
20
Let t(v) = v**3 + v**2 - 3*v + 5. Suppose 16 - 40 = 8*q. Give t(q).
-4
Let k(u) be the third derivative of u**5/120 - u**4/12 + u**3/6 - 38*u**2. Let v(j) be the first derivative of k(j). Let g = -12 + 7. Determine v(g).
-7
Let c be (-8)/(1*4/(-10)). Suppose -3*a - 2*a + 25 = 0, 4*u + 7 = 3*a. Suppose -u*z + c = -6*z. Let v(s) = s**3 + 6*s**2 + 6*s - 2. Give v(z).
-7
Let o(z) be the second derivative of 0 + 0*z**3 + 1/240*z**6 + 13*z - 1/20*z**5 + 7/12*z**4 + 0*z**2. Let s(w) be the third derivative of o(w). What is s(6)?
12
Let i(m) be the third derivative of m**4/8 + m**3 + 4*m**2. Let l = 42 + -42. Suppose 2*r + l*y = -2*y - 16, 5*y + 20 = 0. Give i(r).
-6
Let y(r) be the third derivative of r**5/60 - r**4/24 - r**3/3 - 3*r**2 - 15*r - 8. Let g(d) = d**3 - d**2 - d. Let n be g(2). What is y(n)?
0
Suppose -r - 3 = -5*h, -4*r + 2*r - 5*h + 54 = 0. Let m(g) = r*g - 32*g + 14*g. Give m(4).
-4
Let u(z) be the first derivative of -z**2/2 + 3*z + 4. Let r be u(-5). Let a(s) = 13 - 3 - s - r. Determine a(-3).
5
Suppose -y - 4*y + 70 = 0. Suppose -2*u - 4 = -y. Let o = u - 8. Let p(d) = -d**3 - 3*d**2 - 4*d - 4. What is p(o)?
8
Let i(f) = f - 1. Let b(a) = 2*a**3 - 7*a**2 - a + 15. Let o be b(3). What is i(o)?
2
Let j be 60/10 - (-3)/(-1). Suppose -4*l + 13 + 22 = -5*g, 0 = 4*g + 12. Suppose j*y = 2*q + l, 2 = 3*y - 5*y - 4*q. Let r(o) = -11*o. Give r(y).
-11
Let s(y) be the first derivative of y**3/3 + 3*y**2 + 8*y + 720. Suppose 2*z = k + 5, -4*k + 0*k = -z + 20. Determine s(k).
3
Let x be ((-2)/7)/(-2) - 1276/308. Let z(p) = 7*p + 2. Determine z(x).
-26
Let w be -10 + (25 - 11) + -11. Let t(c) = 13*c**2 + 11*c - 31. Let z(i) = 3*i**2 + 3*i - 8. Let l(m) = -2*t(m) + 9*z(m). What is l(w)?
4
Suppose 6*o + 197 = 41. Let k = -23 - o. Let r(x) = -3*x + x + 0*x. Determine r(k).
-6
Let d(a) = a**2 - 8*a - 4. Let n(r) = r**2 + 4*r + 6. Let k be n(-2). Suppose -5*u = w + 4*w - 60, 0 = -k*w - 3*u + 28. Give d(w).
-4
Let z(h) = h + 3. Let p = -33 + 34. Let s(a) = 5*a + 1. Let q be s(p). Give z(q).
9
Let s(w) be the second derivative of -w**3/3 + w**2 - 154*w. Let c be (0 + -2)/((-2)/(-6)). Let z be (2 - -4)*4/c. Give s(z).
10
Let n(r) be the second derivative of -1/6*r**3 + 5/2*r**2 + 0 - 7*r. What is n(8)?
-3
Let h(p) = 0*p - 2*p + 3*p + p - 4. Calculate h(3).
2
Let v(o) = o**3 + 4*o**2 + o + 1. Suppose -4*a - 32 = 4*h, -5*h - 34 = 3*a - 0. Determine v(a).
7
Let p(x) = 41*x - 14. Let g(v) = 130*v - 42. Let f(b) = -5*g(b) + 16*p(b). Give f(4).
10
Suppose -5*p = -0*p - 5*y - 40, -3*y + 46 = 4*p. Let h = 4 - p. Let l(a) = -a**3 - 7*a**2 - 6*a + 8. Determine l(h).
8
Let r(f) be the second derivative of f**4/12 - 2*f**3/3 + 3*f**2 + f. Let a(z) = -8*z + 76. Let m be a(9). Determine r(m).
6
Suppose -5*i = i - 24. Suppose -n + 4*s - 19 = -2*n, 0 = i*n - 4*s + 4. Let c(g) = g**3 - 2*g**2 + g. Determine c(n).
12
Let u(j) = -j**3 + 31*j**2 - 58*j + 3. Let o be u(29). Let d(p) = -p**3 + p**2 + 4*p - 1. Give d(o).
-7
Let q(w) = -3*w**2 + 1 + 2*w**2 + 2 + 6*w. Let c(o) = 0 - o - 3 - 13*o + 25 + 14*o**2 + o**3. Let g be c(-15). Determine q(g).
-4
Let h(b) = 3*b - 26. Let a be h(12). Let s(t) = 4*t**2 + 2*t. Let d be s(-2). Let f(u) = 2 + a*u + 5 - d*u. Give f(5).
-3
Let z(k) = -2*k + 2. Let a(l) = -l**2 - 12*l + 30. Let t be a(-14). Let u be ((-17)/(-34))/(t/8) - -4. Give z(u).
-10
Suppose v = -4*y - 0*v - 156, 170 = -5*y + 5*v. Let t be 4 - (-114)/(-24) - y/8. Let z(p) = -p**2 + 7*p + 1. Give z(t).
13
Let k(i) = i + 6. Let n be 4/16 + (-108)/(-16). Determine k(n).
13
Let q = -108 + 110. Let h be (-45)/90 - (-15)/q. Let o(x) = -x**2 + 7*x + 6. Let t(n) = 5*n**2 - 35*n - 29. Let w(v) = 11*o(v) + 2*t(v). Give w(h).
8
Let x(k) = k - 1. Let n(s) = -s - 13. Let r(j) = -n(j) - 2*x(j). Let w be 2/(-5)*385/(-22). Give r(w).
8
Let v(d) = 6*d + d**2 - 4 + 3 - 1. Let q = -237 - -231. What is v(q)?
-2
Let s(x) = 2*x + 1. Let i be s(6). Let g = i + -7. Let v(h) = -51*h + 6. Let l(d) = 145*d - 18. Let y(r) = -6*l(r) - 17*v(r). What is y(g)?
-12
Let w be (-3 - -1 - 2)/(-2). Let g(i) = -i - i**w - 4*i + 0*i + 4*i. What is g(4)?
-20
Let d(q) = -2*q**2 + 5*q + 2. Suppose 0 = -w + 4, -6*y + 4*y = -2*w - 32. Let l be 15/4 - (y/(-16) - -1). Determine d(l).
-10
Let b(i) be the second derivative of i**4/12 - 13*i**3/6 + 11*i**2 + 21*i. Let w be b(11). Let o(u) = u + 16. Determine o(w).
16
Let c be -2*1*(-2 + 1). Suppose -5*u + 26 = -u - 2*w, u = -c*w + 4. Let o(t) = -16*t - 1. Let d(h) = 11*h. Let m(z) = -3*d(z) - 2*o(z). What is m(u)?
-4
Let j be ((-6)/(-10))/((-2)/(-10)). Suppose -5*i + j*n + 6 = -0, 3*i = 4*n - 3. Let b(k) = 5*k**3 + 3 - i*k - 5*k + 4*k - 4*k**3. Give b(2).
3
Let y be (21 - -1)/2 - (-193 + 193). Let g(i) = -2*i**3 + 24*i**2 - 21*i - 16. Calculate g(y).
-5
Let w(i) be the third derivative of -i**4/6 + 15*i**3/2 - 272*i**2. Calculate w(10).
5
Suppose 3*u - 41 = 28. Suppose -3*v - 8 = -u. Let c(b) = -b + 5*b - 2 - 5. What is c(v)?
13
Let t(h) be the second derivative of -h**3/6 + h**2 + 12*h. Let s be (45/25)/(2/10) + 0. Determine t(s).
-7
Suppose 5*x - 2*d + 1 = d, -4*d + 13 = 5*x. Let t(r) = 27*r**2 + r**3 - 16*r**2 - 15*r**2 - r + x. What is t(2)?
-9
Suppose 15*y - 6 - 84 = 0. Let m(o) = o - 8. Give m(y).
-2
Let r(x) = -x**2 - 11*x + 6. Let a be r(-11). Let u(s) = s**2 + 0*s**2 - 6*s - 3*s + 7 + s. Determine u(a).
-5
Suppose 0 = 22*v - 16*v - 30. Suppose -3*s + 13 - 4 = n, -v*s - 3*n = -15. Let l(c) = -c**3 + 3*c**2 + c - 3. What is l(s)?
0
Let q(c) = -c**2 - 6*c + 6. Suppose 3*k - 102 = 20*k. Determine q(k).
6
Let q = 198 - 193. Let n(a) = a**3 - 6*a**2 + 7*a - 3. What is n(q)?
7
Let m(v) be the first derivative of -1/4*v**4 - 11 + 0*v + v**3 + v**2. Give m(4).
-8
Let h(x) = -6*x**2 - 1. Let n(f) be the third derivative of -f**5/60 + 7*f**4/24 + 5*f**3/3 + f**2. Let u be n(10). Let t = -19 - u. What is h(t)?
-7
Let a(b) = 2*b - 1. Let d(t) = -t**2 - 5*t - 1. Let j be d(-4). Let u(l) = l + 1. Let y(p) = j*u(p) - a(p). What is y(-7)?
-3
Suppose 9*f + 6 = 15. Let c(p) = p**3 - p**2 + 4*p - 3. Give c(f).
1
Let i(b) be the first derivative of b**3/3 - 11*b**2/2 + 9*b - 77. Calculate i(10).
-1
Suppose -15 = -20*o + 25. Let y(r) = -2*r**3 - r**2 + r + 1. Determine y(o).
-17
Let k be 2*((-9)/(-30))/(12/(-60)). Let c(g) = g**2 + 4*g + 4. Give c(k).
1
Let w(n) = 10*n + 11. Let z(r) = -5*r - 6. Let f(u) = -3*u**3 - 2*u**2 + 2*u. Let i be f(1). Let q(y) = i*w(y) - 5*z(y). What is q(3)?
-18
Let d(f) = -f + 1. Let t = -311 + 331. Let p(c) = c**2 - 2*c + 1. Let z be p(3). Suppose t = z*r + r. Determine d(r).
-3
Let n(k) be the third derivative of k**3 + 0*k + 0 + 1/24*k**4 - 7*k**2. Determine n(-3).
3
Let t(f) be the first derivative of 7 + 1/3*f**3 - 2*f + 3*f**2. Calculate t(-6).
-2
Let n = -1 + 55. Suppose -n + 22 = 8*y. Let j(b) be the third derivative of -b**5/60 - b**4/12 + b**3/3 + b**2. Calculate j(y).
-6
Let h(p) = -16*p + 1. Suppose 26 - 13 = 13*c. Calculate h(c).
-15
Let o(g) be the third derivative of -g**5/60 + 5*g**4/24 - 5*g**3/6 + 14*g**2. Give o(9).
-41
Let a(o) = o. Let i(z) = -z**2 - 8*z - 1. Let v(k) = -6*a(k) - i(k). Let b(s) be the first derivative of s**2 + 3. Let j be b(-2). What is v(j)?
9
Let s(k) = k**2 - 8*k - 13. Let z = 8 - 7. Let b = z + 8. Let d be s(b). Let y(c) = -c - 5. Give y(d).
-1
Suppose -6*d + 3*d - 21 = 0. Let g(z) = -z**3 - 7*z**2 + z + 1. What is g(d)?
-6
Suppose v = -17 + 25. Let i(o) = o**2 - 8*o - 3. Determine i(v).
-3
Let h(z) = 8*z - 3. Suppose 0 = -t - 3*o - 5, 3*t + 2*o - 4*o - 7 = 0. Let v(w) = 6*w - 4. Let n be v(t). Determine h(n).
13
Let y(n) = n**3 - 8*n**2 - 7*n - 2. Let d be (6 - 5) + -8 - -16. Determine y(d).
16
Let d(k) = -k**3 - 17*k**2 - 16*k + 5. Let t(a) = -a**2 - a + 1. Let y(s) = d(s) + 2*t(s). Let n be y(-18). Let p(b) = b**2 - 9*b + 8. Give p(n).
-6
Let x(k) be the first derivative of -k**4 + 5*k**3/3 - 3*k**2 + 3*k + 22. Let b(c) = 3*c**3 - 4*c**2 + 5*c - 2. Let w(v) = -5*b(v) - 4*x(v). What is w(0)?
-2
Let b(s) = 6*s**3 + 83*s**2 + 46*s - 36. Let w(z) = -z**3 - 16*z**2 - 9*z + 7. Let q(y) = 2*b(y) + 11*w(y). Calculate q(11).
49
Let c(r) = -11 - r + 11 + 6 + 0 + 5. Calculate c(0).
11
Let j be (-21 + 21)/((-4)/1). Let p(f) = f**2 + f - 26. Give p(j).
-26
Let s(v) = -133*v**2 + 16 + 41*